- 10*v**2 - v**3 + 2*v - 14*v**2 + 6 - 15*v**2. Let n = -12 - -18. Let o be 6*(4/n)/(-1). Calculate x(o).
-2
Let j(l) be the first derivative of 3*l**2 - 2*l - 41. What is j(-4)?
-26
Let x(n) = 5*n + n**2 - 232 + 227 - 9*n. Give x(8).
27
Let d(t) = -28*t**2 + 8 + 2*t**2 + 9*t**2 + 5*t**2 + 2*t + 11*t**2. Give d(0).
8
Suppose 0 = -4*w - 2*y - 2, y + 10 = 2*w + 17. Let x(q) = -q**2 + q. Calculate x(w).
-6
Let g(u) = u**2 + 5*u + 6. Let t(m) = -m**3 - 2*m**2 + m - 4. Let c = -2 - -2. Let l be t(c). Determine g(l).
2
Let j = -17 + 15. Let s be j/(-12) - (-2)/(-12). Let h(t) be the second derivative of t**4/12 + 3*t**2/2 + 2*t. Calculate h(s).
3
Suppose -2*r = p - 4, p + 2*r - 13 = -3*r. Let g(u) = -u + 14. Let q be g(12). Let a(k) = 3*k - 2*k**2 - 7*k + 0*k - k**2 - q. Give a(p).
-6
Suppose 5*p + 42 = 3*r, 8 = 2*p + 2*r + 3*r. Let y(s) = -s - 1. Let k(u) = 4*u + 11. Let j(q) = -k(q) - 2*y(q). Give j(p).
3
Let y(k) = k**3 - 10*k**2 + 9*k + 10. Suppose -3*v + 25 = 4*u - 5*u, 5*v - 3*u = 39. Determine y(v).
10
Suppose 0 = -17*z + 69 + 33. Let y(d) = 3*d**2 - 8*d. Let m(t) = -16*t**2 + 41*t + 1. Let i(v) = -2*m(v) - 11*y(v). Give i(z).
-2
Let d(z) be the third derivative of z**4/24 - 5*z**3/3 - 7*z**2. Let i be (-14739)/(-2023) + -1*(-2)/(-7). What is d(i)?
-3
Let r = -1 + -1. Let f(l) = -l**3 + l**2 - l. Determine f(r).
14
Let y = 921 + -916. Let z(w) = w**2 + 4. Determine z(y).
29
Suppose 39*m + 58 + 59 = 0. Let x(j) = -j**2 - 4*j - 1. Calculate x(m).
2
Let x(q) be the first derivative of -30*q - 19 + 2*q**2 - 34*q + 65*q. Let r(h) = 4*h**2 - 1. Let g be r(-1). What is x(g)?
13
Let g(i) be the first derivative of -i**4/4 + 2*i**2 + 6. Determine g(-3).
15
Let y(q) = -5*q**3 - q - 1. Let s be (4/(-3))/(47/(-9) - -5). Suppose 2*n + s - 4 = 0. Determine y(n).
5
Let z be (-9 - -8)/(((-2)/4)/((-105)/30)). Let j(y) be the second derivative of y**5/20 + 7*y**4/12 + 2*y**2 - 2*y. Determine j(z).
4
Suppose -b - 8 = -4*j, 0*b - 3*b = -j + 2. Suppose 3*l + 0 - 12 = b. Let f(p) = -3*p - l*p + 4*p - 4*p. Give f(1).
-7
Suppose 14 + 9 = 2*a - w, -5*a = -3*w - 56. Let c(z) = z**3 - 12*z**2 - 13*z + 11. Determine c(a).
11
Let k(h) = -3*h**2 + 2*h**2 - 1 - 103*h + 107*h + 8. Give k(3).
10
Let l(n) = n**2 + 9*n + 2. Let q = 255 - 262. What is l(q)?
-12
Let b(t) = -t**2 + 4*t + 1. Let y(q) = -q**3 - 8*q**2 - q - 7. Let s be y(-8). Suppose 19 = -j + 5*p, 0 = j - p + s - 2. Let c = -4 + j. Give b(c).
5
Let j be (-60)/(-120)*(-1 + -7). Let o(z) be the second derivative of z**5/20 + z**4/2 + 5*z**3/6 - z**2/2 - 15*z. What is o(j)?
11
Let g(t) be the first derivative of t**3/3 + 17*t**2/2 - 62*t - 508. What is g(-20)?
-2
Let x(n) = 5*n**2 - 9*n - 5. Let h(s) = -s**2 - 2. Let a(t) = -4*h(t) - x(t). What is a(10)?
3
Let g(j) = 2 - 4*j - j + 4*j. Let v be g(-3). Let r(k) = 2*k + k + v - 4. Determine r(2).
7
Let o(a) be the second derivative of a**4/12 - a**3/3 - a**2/2 - 10*a. Let y be o(3). Let i(q) = 1 + 1 + q**3 + 7*q**y - 7*q - 2*q**3 - q**2. What is i(5)?
-8
Let v(h) = h**3 - 4*h**2 + h + 4. Let s = -11 - -14. Suppose 3*t - 3*z - 2 = 10, -2*t - s*z + 8 = 0. Calculate v(t).
8
Let v = -51 + 55. Let h(f) = -v + 26*f**2 - 3*f**2 + f**2 + 3. Determine h(1).
23
Let w(j) = j**3 - 9*j**2 + 17*j - 15. Let f be w(7). Let i(r) = 48 - 2*r - 6*r - 42 + f*r. Let u = -5 - -10. Calculate i(u).
-4
Let i be ((-96)/60)/(2/(-5)). Let p(x) = -7*x + 2*x + i*x + 4 - 3. Calculate p(6).
-5
Suppose n + 19 = 102. Let q = n + -75. Let r(u) = -u + 13. What is r(q)?
5
Suppose 12*b = 2*b + 20. Let m(t) = 17*t + 17*t - 2*t**2 + 7 + 3*t**b - 42*t. Calculate m(5).
-8
Let v(o) = o**3 - 7*o**2 + 5*o + 8. Let t be v(6). Let r = -1 - t. Let b(c) = -c**2. Let z(u) = 5*u**2 + 2*u - 4. Let g(h) = -3*b(h) - z(h). Give g(r).
-8
Let m(z) = 17*z**3 - 7*z**2 - z + 2. Let x(o) = 38*o**3 - 13*o**2 - 2*o + 4. Let f(j) = -9*m(j) + 4*x(j). Determine f(11).
9
Let u(r) = -r - 18. Let k be u(-15). Let j(l) = -5 + 4*l - l**3 + 2 - 5*l**2 + 1. Let h(s) = 2*s**3 + 11*s**2 - 9*s + 5. Let p(v) = -3*h(v) - 7*j(v). Give p(k).
-7
Let r(x) be the third derivative of x**4/12 - 2*x**3/3 - x**2. Let t be 595/55 - (-2)/11. Suppose -t*y + 30 = -5*y. Give r(y).
6
Let g(l) = l + 4 - 2 + 3 - 10. Calculate g(6).
1
Suppose -15*t = -23 - 67. Let w(v) = -v**3 + 4*v**2 + 8*v + 5. Determine w(t).
-19
Let o(l) = 23*l - 17. Let j be o(1). Let w(q) = -3*q + 9. Determine w(j).
-9
Let n(z) = 6*z**2 - 2*z - 2. Let u = 2695 - 2693. Calculate n(u).
18
Let s = 43 + -41. Suppose s*k + 5*c = -k + 23, -5*c = -2*k + 7. Let v(o) = -o**2 + 5*o - 1. What is v(k)?
-7
Let c(d) be the second derivative of d**5/60 + 7*d**4/24 + 17*d**3/3 + 2*d. Let u(f) be the second derivative of c(f). Calculate u(-6).
-5
Let q(n) = n**3 + n**2 + n + 13. Let f be (-8)/3*(-132)/8. Let l = 44 - f. What is q(l)?
13
Let q = -111 + 158. Let z(w) = -48 - 2*w + 3*w + q. Give z(6).
5
Let k be (-4)/(-10) + 21/35. Suppose -s + k = 4*p + 10, -2*p - s - 3 = 0. Let w be (-4)/((10/p)/5). Let z(x) = x**2 - 5*x - 7. Determine z(w).
-1
Let a(x) = -x**2 + x. Let i(h) = -3*h**2 - 5*h - 3. Let j(d) = -2*a(d) + i(d). Let q be ((-2)/(-4))/((-2)/24). What is j(q)?
3
Let v(y) = 107114 + 3*y**3 - y**3 - 8*y**2 - 107107 + y - 3*y**3 - 3*y. Calculate v(-8).
23
Let p(m) be the second derivative of -m**5/20 + 7*m**4/6 - m**3/3 + 10*m**2 - 505*m. Give p(14).
-8
Let x(l) = 0*l**2 + 4 + 21*l + 5 + 2*l**2 + 14 - 60*l. Calculate x(19).
4
Let n = -3 - 0. Suppose 4*p - 2*d - 28 = 3*d, -4*d - 12 = 2*p. Let x(o) = 3*o**2 - 3 + 0*o**p - 7*o**2 - 3*o - o**3. Determine x(n).
-3
Let r(x) = 3*x**2 + 2*x**2 - 6*x**2 - 5*x**3 + 12*x**3. Suppose -3*l = -c - 9, 2*l = -4*c + l - 49. Let f = c + 11. Determine r(f).
-8
Let v = 7 + -7. Let x(u) = 5*u - 16. Suppose t + 2*t = 6. Let h(j) = -j + 3. Let n(f) = t*x(f) + 11*h(f). Determine n(v).
1
Let r(y) = y**2 - 2. Let n = -31 - -31. Suppose n = -15*j + 17*j. Give r(j).
-2
Suppose -5*z + 2*w + 1 + 1 = 0, w = 4. Suppose -z*u = 2, -4*u - 23 + 7 = -2*r. Let k(x) = 5*x + 13*x - 27*x + 7*x. Calculate k(r).
-12
Let a(w) be the third derivative of 3*w**4/4 + 5*w**2 - 2*w. What is a(1)?
18
Let c(d) = d**3 + 12. Suppose 3*j + 6*z = 7*z, j + 3*z = 0. Determine c(j).
12
Let u(l) be the third derivative of -l**6/120 + l**5/20 + l**4/24 - l**3/3 - 87*l**2. Determine u(2).
4
Let m be (6/8)/((-4)/(-80)*5). Suppose -12 = -m*l, -3*l + 1 + 11 = -v. Let s(q) = q - 15. What is s(v)?
-15
Let l = -128 + 124. Let v(p) = 2*p + 13. Determine v(l).
5
Let b be 2/6 + (-2)/6. Suppose 5*u - 3*w = 63, -4*u + b*w = -4*w - 44. Suppose 0 = -3*q + 6*q + u. Let n(f) = f - 1. Calculate n(q).
-6
Let s(r) = -r**3 + 0*r**3 + 245*r - 274*r - 2 - 13*r**2 + 4. Determine s(-10).
-8
Suppose 18 = 9*d - 6*d. Let r(x) = d + 12 - x - 17 - x**2. Suppose 5*o + 12 = -8. Calculate r(o).
-11
Let c(z) = -z**3 - 3*z**2 + 5*z + 8. Let r = -1512 - -1508. Calculate c(r).
4
Let s be (2 - -16)*(-9 - 390/(-45)). Let v(g) be the first derivative of -g**2/2 + 5*g + 1. What is v(s)?
11
Let z(x) = -x**3 - 6*x**2 + 8*x + 8. Let m be 9 - (0/4 + -2). Let a(u) = 2*u - 6. Let j be a(m). Let r = 9 - j. What is z(r)?
1
Let b(d) = -2*d + 5. Let c be (-7)/(-2)*(5 - (-108)/(-28)). Let g(w) = w**2 + 3*w - 23. Let f be g(c). Give b(f).
-5
Suppose -b - 7 = 10. Let f = b - -19. Suppose f*s + 14 = 3*o, -2*o + 6*o + 2*s - 28 = 0. Let l(h) = -h**3 + 6*h**2 - h + 6. Determine l(o).
0
Suppose -5*u + 21 = 158*p - 155*p, u = -3*p + 21. Let l(i) = i + 3*i**2 + 0 - 3 - 2*i**2. What is l(u)?
-3
Let i(o) = -o**3 - 6*o - 1 + 6*o**2 - 16*o + 29*o - 3*o. Give i(7).
-22
Let u(p) = 6*p - 1. Suppose -7*t + 292 = 278. Determine u(t).
11
Let q(s) = s**2 + s. Let a = -8 + 12. Suppose a*r = -r + 20. Suppose 0 = -r*t - t. Calculate q(t).
0
Let r(x) = 2*x**2. Let y(s) = -13*s**2 + 2*s + 2. Let d(q) = -6*r(q) - y(q). Determine d(0).
-2
Let a(z) = z**2 + 2*z + 1. Let d be (8/(-7))/(16/(-56)). Suppose -5*p = 5, 3*i - p + 6 = -d*p. Let x be a(i). Let u(f) = f**2 + f + 2. Determine u(x).
2
Let d = -12 - -10. Let m be 6/(-8)*(6 - d). Let z(i) = -7*i**3 - 9*i**2 - 5*i + 3. Let g(v) = -4*v**3 - 4*v**2 - 2*v + 1. Let b(r) = 5*g(r) - 3*z(r). Give b(m).
2
Let s(m) be the third derivative of m**6/120 + m**5/20 - m**4/6 + m**3/2 - 348*m**2. Suppose -3*b + 2*l - 8 = -0*l, l = 4*b + 14. What is s(